{"id":378,"date":"2025-10-06T18:04:01","date_gmt":"2025-10-06T18:04:01","guid":{"rendered":"https:\/\/clibup.es\/?page_id=378"},"modified":"2025-10-06T18:04:02","modified_gmt":"2025-10-06T18:04:02","slug":"politica-de-cookies","status":"publish","type":"page","link":"https:\/\/clibup.es\/index.php\/politica-de-cookies\/","title":{"rendered":"Pol\u00edtica de cookies"},"content":{"rendered":"\n<p><br><br><strong>1. Editor responsable del tratamiento<\/strong><\/p>\n\n\n\n<p>El tratamiento de los datos personales captados mediante los formularios disponibles en la presente p\u00e1gina web ser\u00e1 responsabilidad de Clibup ubicado en calle Bonestar 46, 8o 4a de Cornell\u00e1 de Llobregat, en su condici\u00f3n de titular de los dominios www.clibup.es y www.clibup.com<\/p>\n\n\n\n<p>Si usted tiene cualquier duda sobre el tratamiento de la informaci\u00f3n personal, puede contactar con el delegada de protecci\u00f3n de datos mediante los siguientes puntos de contacto:<\/p>\n\n\n\n<p>\u00c1ngel Balmori Borrego<\/p>\n\n\n\n<p>Correo electr\u00f3nico: info@clibup.es<\/p>\n\n\n\n<p>Correo postal: calle Bonestar 46, 8o 4a de Cornell\u00e1 de Llobregat.<\/p>\n\n\n\n<hr class=\"wp-block-separator has-alpha-channel-opacity\"\/>\n\n\n\n<p><strong>2. \u00bfQu\u00e9 son las cookies?<\/strong><\/p>\n\n\n\n<p>Las cookies o galletas son archivos de texto que se descargan en el equipo terminal del usuario (ordenador, tableta, tel\u00e9fono m\u00f3vil, etc.) y que se guardan en la memoria de su navegador. Estos archivos pueden servir para finalidades muy diversas, como reconocerte como usuario, obtener informaci\u00f3n sobre tus h\u00e1bitos de navegaci\u00f3n o personalizar la forma en la que se muestra el contenido.<\/p>\n\n\n\n<p>El t\u00e9rmino galleta o cookie tambi\u00e9n incluye otras tecnolog\u00edas similares que pueden instalarse en el terminal del usuario y que recogen informaci\u00f3n sobre este o su terminal (como las flash cookies, los web beacons o bugs, los p\u00edxeles o el HTML5 de almacenamiento local, etc.). Estas tecnolog\u00edas pueden ejecutarse de forma conjunta con las cookies para recopilar y almacenar informaci\u00f3n, ya sea para proporcionar y almacenar informaci\u00f3n del usuario, para ofrecer al usuario ciertas funcionalidades o servicios de la web, o bien para mostrar publicidad personalizada seg\u00fan la navegaci\u00f3n del usuario en sitios web de terceros.<\/p>\n\n\n\n<p>Los usos concretos que se hace de estas tecnolog\u00edas se describen a continuaci\u00f3n. Por defecto, todas las cookies est\u00e1n desactivadas, salvo las t\u00e9cnicas o estrictamente necesarias, puesto que son indispensables para el funcionamiento de la web.<\/p>\n\n\n\n<hr class=\"wp-block-separator has-alpha-channel-opacity\"\/>\n\n\n\n<p><strong>3. \u00bfQu\u00e9 tipo de cookies se utilizan?<\/strong><\/p>\n\n\n\n<p>Las cookies que se utilizan se pueden clasificar en los tipos siguientes.<\/p>\n\n\n\n<p>Seg\u00fan la entidad que las gestiona:<\/p>\n\n\n\n<ul class=\"wp-block-list\">\n<li><strong>Propias.<\/strong> Son cookies que se env\u00edan desde un equipo o dominio gestionado por Clibup al terminal del usuario.<\/li>\n\n\n\n<li><strong>De terceros.<\/strong> Son cookies que se env\u00edan al terminal del usuario desde un equipo o dominio no gestionado o controlado por Clibup, sino que son enviadas por un tercer dominio, que trata los datos obtenidos a trav\u00e9s de las cookies.<\/li>\n<\/ul>\n\n\n\n<p>Seg\u00fan el periodo de tiempo que permanezcan activadas:<\/p>\n\n\n\n<ul class=\"wp-block-list\">\n<li><strong>De sesi\u00f3n.<\/strong> Recogen datos mientras el usuario navega por la web de Clibup, con el fin de prestar el servicio solicitado. Caducan o se borran en un periodo corto de tiempo, o cuando se cierra el navegador.<\/li>\n\n\n\n<li><strong>Persistentes.<\/strong> Se guardan en el terminal del usuario durante un periodo definido por el responsable de la cookie, que puede ir de unos minutos a varios a\u00f1os en funci\u00f3n de la finalidad de la cookie.<\/li>\n<\/ul>\n\n\n\n<hr class=\"wp-block-separator has-alpha-channel-opacity\"\/>\n\n\n\n<p><strong>4. \u00bfCu\u00e1les son las finalidades de las cookies que se usan?<\/strong><\/p>\n\n\n\n<p><strong>Cookies t\u00e9cnicas o estrictamente necesarias<\/strong><br>Estas cookies son necesarias para el \u00f3ptimo funcionamiento de este sitio web y no se pueden desactivar en nuestros sistemas. Generalmente est\u00e1n configuradas para responder a acciones hechas por ti para recibir servicios, como ajustar tus preferencias de privacidad, iniciar sesi\u00f3n en el sitio web o rellenar formularios. Puedes configurar el navegador para que alerte de la presencia de estas cookies o para bloquearlas, pero no podr\u00e1s acceder a determinadas secciones, y algunas funcionalidades no estar\u00e1n disponibles. Estas cookies no guardan ninguna informaci\u00f3n personal.<\/p>\n\n\n\n<p><strong>Cookies de an\u00e1lisis o medici\u00f3n<\/strong><br>Estas cookies permiten contar las visitas y fuentes de tr\u00e1fico para poder medir y mejorar el rendimiento de nuestro sitio web. Nos ayudan a saber qu\u00e9 p\u00e1ginas son las m\u00e1s o menos populares y a ver cu\u00e1ntas personas visitan el sitio web. Toda la informaci\u00f3n que recogen estas cookies es agregada.<\/p>\n\n\n\n<p><strong>Cookies de preferencias o personalizaci\u00f3n<\/strong><br>Estas cookies permiten mejorar la funcionalidad y habilitar la personalizaci\u00f3n del sitio web. Pueden ser establecidas por Clibup o por terceros cuyos servicios hayamos a\u00f1adido a nuestro sitio web. Si no habilitas estas cookies, algunos de nuestros servicios podr\u00edan no funcionar correctamente.<\/p>\n\n\n\n<p><strong>Cookies de publicidad conductual<\/strong><br>Estas cookies almacenan informaci\u00f3n del comportamiento de los usuarios obtenida a trav\u00e9s de la observaci\u00f3n continuada de sus h\u00e1bitos de navegaci\u00f3n, lo que permite desarrollar un perfil espec\u00edfico para mostrar publicidad en funci\u00f3n de este comportamiento. No almacenan informaci\u00f3n personal de forma directa, sino que se basan en identificativos \u00fanicos del navegador y del dispositivo desde el cual se accede al sitio web.<\/p>\n\n\n\n<hr class=\"wp-block-separator has-alpha-channel-opacity\"\/>\n\n\n\n<p><strong>5. Cookies de terceros<\/strong><\/p>\n\n\n\n<p>Son aquellas que se env\u00edan a tu equipo desde un equipo o dominio que no es gestionado por nosotros, sino por otra entidad colaboradora. Puedes consultar aqu\u00ed las cookies de terceros, su nombre, finalidad y plazo de conservaci\u00f3n.<\/p>\n\n\n\n<hr class=\"wp-block-separator has-alpha-channel-opacity\"\/>\n\n\n\n<p><strong>6. \u00bfC\u00f3mo puedo gestionar el uso de las cookies que se utilizan?<\/strong><\/p>\n\n\n\n<p>En el panel de configuraci\u00f3n de cookies, que est\u00e1 accesible desde el sitio web de Clibup, podr\u00e1s encontrar toda la informaci\u00f3n sobre las cookies utilizadas por este sitio web, junto con otra informaci\u00f3n relevante sobre la finalidad, la duraci\u00f3n y la gesti\u00f3n (propia o de terceros) de cada una de ellas. Asimismo, podr\u00e1s gestionar la activaci\u00f3n y la desactivaci\u00f3n del uso de todas aquellas cookies que no sean estrictamente necesarias para el funcionamiento del sitio web.<\/p>\n\n\n\n<p>De forma alternativa, puedes habilitar o deshabilitar el uso de cookies desde tu navegador. A continuaci\u00f3n, te indicamos la manera de hacerlo en los siguientes navegadores:<\/p>\n\n\n\n<ul class=\"wp-block-list\">\n<li>Google Chrome<\/li>\n\n\n\n<li>Internet Explorer<\/li>\n\n\n\n<li>Mozilla Firefox<\/li>\n\n\n\n<li>Safari<\/li>\n<\/ul>\n\n\n\n<p>Para m\u00e1s informaci\u00f3n sobre el uso, la gesti\u00f3n y la configuraci\u00f3n de las cookies de los navegadores, te recomendamos consultar la web <a href=\"http:\/\/www.aboutcookies.org\">http:\/\/www.aboutcookies.org<\/a>.<\/p>\n\n\n\n<p>Esta configuraci\u00f3n del uso de cookies puede modificarse en cualquier momento. Ten en cuenta que tanto la selecci\u00f3n del panel de configuraci\u00f3n de cookies como la configuraci\u00f3n del navegador son espec\u00edficas para el navegador que est\u00e9s utilizando. Por lo tanto, si configuras las cookies de una forma espec\u00edfica y deseas que la configuraci\u00f3n se aplique de forma similar en otro navegador o dispositivo, tendr\u00e1s que volver a seleccionar las mismas opciones en el otro navegador o dispositivo.<\/p>\n\n\n\n<hr class=\"wp-block-separator has-alpha-channel-opacity\"\/>\n\n\n\n<p><strong>7. Transferencias internacionales<\/strong><\/p>\n\n\n\n<p>Se cuenta con varios proveedores que asisten en la ejecuci\u00f3n de distintas tareas que pueden estar ubicados fuera de la Uni\u00f3n Europea \/ Espacio Econ\u00f3mico Europeo. En tales supuestos, se adoptar\u00e1n las medidas de protecci\u00f3n y seguridad adecuadas en cada caso y en estricto cumplimiento de lo establecido en la normativa vigente en materia de protecci\u00f3n de datos y, en particular, de conformidad con el art\u00edculo 45 y ss. del RGPD. Puedes consultar aqu\u00ed las cookies que comportan una transferencia internacional.<\/p>\n\n\n\n<hr class=\"wp-block-separator has-alpha-channel-opacity\"\/>\n\n\n\n<p><strong>8. Periodo de conservaci\u00f3n de los datos<\/strong><\/p>\n\n\n\n<p>Los datos personales ser\u00e1n tratados de acuerdo con la finalidad de cada cookie y durante el tiempo estrictamente necesario para el cumplimiento de dichas finalidades.<\/p>\n\n\n\n<p>Finalizada la finalidad indicada, se conservar\u00e1 los datos personales bloqueados durante el periodo necesario para dar cumplimiento a las obligaciones legales en que pudieran derivarse responsabilidades legales relativas a las finalidades realizadas. Cuando expiren tales responsabilidades, los datos personales ser\u00e1n eliminados de forma definitiva.<\/p>\n\n\n\n<p>Adem\u00e1s de lo anterior, ten en cuenta que podr\u00e1s gestionar la activaci\u00f3n y la desactivaci\u00f3n del uso de todas aquellas cookies que no sean estrictamente necesarias para el funcionamiento del sitio web.<\/p>\n\n\n\n<hr class=\"wp-block-separator has-alpha-channel-opacity\"\/>\n\n\n\n<p><strong>9. Protecci\u00f3n de datos<\/strong><\/p>\n\n\n\n<p>Al navegar en el sitio web podemos tratar tus datos personales. Si deseas obtener m\u00e1s informaci\u00f3n sobre el tratamiento de tus datos personales, puedes consultar nuestra Pol\u00edtica de privacidad.<\/p>\n","protected":false},"excerpt":{"rendered":"<p>1. Editor responsable del tratamiento El tratamiento de los datos personales captados mediante los formularios disponibles en la presente p\u00e1gina web ser\u00e1 responsabilidad de Clibup ubicado en calle Bonestar 46, 8o 4a de Cornell\u00e1 de Llobregat, en su condici\u00f3n de titular de los dominios www.clibup.es y www.clibup.com Si usted tiene cualquier duda sobre el tratamiento&#8230;<\/p>\n","protected":false},"author":1,"featured_media":0,"parent":0,"menu_order":0,"comment_status":"closed","ping_status":"closed","template":"","meta":{"footnotes":""},"class_list":["post-378","page","type-page","status-publish","hentry"],"yoast_head":"<!-- This site is optimized with the Yoast SEO plugin v27.5 - https:\/\/yoast.com\/product\/yoast-seo-wordpress\/ -->\n<title>Pol\u00edtica de cookies - Clibup<\/title>\n<meta name=\"robots\" content=\"index, follow, max-snippet:-1, max-image-preview:large, max-video-preview:-1\" \/>\n<link rel=\"canonical\" href=\"https:\/\/clibup.es\/index.php\/politica-de-cookies\/\" \/>\n<meta property=\"og:locale\" content=\"es_ES\" \/>\n<meta property=\"og:type\" content=\"article\" \/>\n<meta property=\"og:title\" content=\"Pol\u00edtica de cookies - Clibup\" \/>\n<meta property=\"og:description\" content=\"1. Editor responsable del tratamiento El tratamiento de los datos personales captados mediante los formularios disponibles en la presente p\u00e1gina web ser\u00e1 responsabilidad de Clibup ubicado en calle Bonestar 46, 8o 4a de Cornell\u00e1 de Llobregat, en su condici\u00f3n de titular de los dominios www.clibup.es y www.clibup.com Si usted tiene cualquier duda sobre el tratamiento...\" \/>\n<meta property=\"og:url\" content=\"https:\/\/clibup.es\/index.php\/politica-de-cookies\/\" \/>\n<meta property=\"og:site_name\" content=\"Clibup\" \/>\n<meta property=\"article:publisher\" content=\"https:\/\/www.facebook.com\/people\/Clibup\/61555554224577\/\" \/>\n<meta property=\"article:modified_time\" content=\"2025-10-06T18:04:02+00:00\" \/>\n<meta property=\"og:image\" content=\"https:\/\/clibup.es\/wp-content\/uploads\/2025\/06\/Imagen-Clibup.jpeg\" \/>\n\t<meta property=\"og:image:width\" content=\"1024\" \/>\n\t<meta property=\"og:image:height\" content=\"483\" \/>\n\t<meta property=\"og:image:type\" content=\"image\/jpeg\" \/>\n<meta name=\"twitter:card\" content=\"summary_large_image\" \/>\n<meta name=\"twitter:label1\" content=\"Tiempo de lectura\" \/>\n\t<meta name=\"twitter:data1\" content=\"6 minutos\" \/>\n<script type=\"application\/ld+json\" class=\"yoast-schema-graph\">{\"@context\":\"https:\\\/\\\/schema.org\",\"@graph\":[{\"@type\":\"WebPage\",\"@id\":\"https:\\\/\\\/clibup.es\\\/index.php\\\/politica-de-cookies\\\/\",\"url\":\"https:\\\/\\\/clibup.es\\\/index.php\\\/politica-de-cookies\\\/\",\"name\":\"Pol\u00edtica de cookies - Clibup\",\"isPartOf\":{\"@id\":\"https:\\\/\\\/clibup.es\\\/#website\"},\"datePublished\":\"2025-10-06T18:04:01+00:00\",\"dateModified\":\"2025-10-06T18:04:02+00:00\",\"breadcrumb\":{\"@id\":\"https:\\\/\\\/clibup.es\\\/index.php\\\/politica-de-cookies\\\/#breadcrumb\"},\"inLanguage\":\"es\",\"potentialAction\":[{\"@type\":\"ReadAction\",\"target\":[\"https:\\\/\\\/clibup.es\\\/index.php\\\/politica-de-cookies\\\/\"]}]},{\"@type\":\"BreadcrumbList\",\"@id\":\"https:\\\/\\\/clibup.es\\\/index.php\\\/politica-de-cookies\\\/#breadcrumb\",\"itemListElement\":[{\"@type\":\"ListItem\",\"position\":1,\"name\":\"Portada\",\"item\":\"https:\\\/\\\/clibup.es\\\/\"},{\"@type\":\"ListItem\",\"position\":2,\"name\":\"Pol\u00edtica de cookies\"}]},{\"@type\":\"WebSite\",\"@id\":\"https:\\\/\\\/clibup.es\\\/#website\",\"url\":\"https:\\\/\\\/clibup.es\\\/\",\"name\":\"Clibup - Abogados expertos en derecho de la Administraci\u00f3n P\u00fablica\",\"description\":\"Clibup\",\"publisher\":{\"@id\":\"https:\\\/\\\/clibup.es\\\/#organization\"},\"alternateName\":\"Clibup\",\"potentialAction\":[{\"@type\":\"SearchAction\",\"target\":{\"@type\":\"EntryPoint\",\"urlTemplate\":\"https:\\\/\\\/clibup.es\\\/?s={search_term_string}\"},\"query-input\":{\"@type\":\"PropertyValueSpecification\",\"valueRequired\":true,\"valueName\":\"search_term_string\"}}],\"inLanguage\":\"es\"},{\"@type\":\"Organization\",\"@id\":\"https:\\\/\\\/clibup.es\\\/#organization\",\"name\":\"Clibup\",\"url\":\"https:\\\/\\\/clibup.es\\\/\",\"logo\":{\"@type\":\"ImageObject\",\"inLanguage\":\"es\",\"@id\":\"https:\\\/\\\/clibup.es\\\/#\\\/schema\\\/logo\\\/image\\\/\",\"url\":\"https:\\\/\\\/clibup.es\\\/wp-content\\\/uploads\\\/2025\\\/06\\\/Imagen-Clibup.jpeg\",\"contentUrl\":\"https:\\\/\\\/clibup.es\\\/wp-content\\\/uploads\\\/2025\\\/06\\\/Imagen-Clibup.jpeg\",\"width\":1024,\"height\":483,\"caption\":\"Clibup\"},\"image\":{\"@id\":\"https:\\\/\\\/clibup.es\\\/#\\\/schema\\\/logo\\\/image\\\/\"},\"sameAs\":[\"https:\\\/\\\/www.facebook.com\\\/people\\\/Clibup\\\/61555554224577\\\/\",\"https:\\\/\\\/www.instagram.com\\\/clibup_law\\\/?igsh=MTY0aGNrMGc3MXNseg\"]}]}<\/script>\n<!-- \/ Yoast SEO plugin. -->","yoast_head_json":{"title":"Pol\u00edtica de cookies - Clibup","robots":{"index":"index","follow":"follow","max-snippet":"max-snippet:-1","max-image-preview":"max-image-preview:large","max-video-preview":"max-video-preview:-1"},"canonical":"https:\/\/clibup.es\/index.php\/politica-de-cookies\/","og_locale":"es_ES","og_type":"article","og_title":"Pol\u00edtica de cookies - Clibup","og_description":"1. Editor responsable del tratamiento El tratamiento de los datos personales captados mediante los formularios disponibles en la presente p\u00e1gina web ser\u00e1 responsabilidad de Clibup ubicado en calle Bonestar 46, 8o 4a de Cornell\u00e1 de Llobregat, en su condici\u00f3n de titular de los dominios www.clibup.es y www.clibup.com Si usted tiene cualquier duda sobre el tratamiento...","og_url":"https:\/\/clibup.es\/index.php\/politica-de-cookies\/","og_site_name":"Clibup","article_publisher":"https:\/\/www.facebook.com\/people\/Clibup\/61555554224577\/","article_modified_time":"2025-10-06T18:04:02+00:00","og_image":[{"width":1024,"height":483,"url":"https:\/\/clibup.es\/wp-content\/uploads\/2025\/06\/Imagen-Clibup.jpeg","type":"image\/jpeg"}],"twitter_card":"summary_large_image","twitter_misc":{"Tiempo de lectura":"6 minutos"},"schema":{"@context":"https:\/\/schema.org","@graph":[{"@type":"WebPage","@id":"https:\/\/clibup.es\/index.php\/politica-de-cookies\/","url":"https:\/\/clibup.es\/index.php\/politica-de-cookies\/","name":"Pol\u00edtica de cookies - Clibup","isPartOf":{"@id":"https:\/\/clibup.es\/#website"},"datePublished":"2025-10-06T18:04:01+00:00","dateModified":"2025-10-06T18:04:02+00:00","breadcrumb":{"@id":"https:\/\/clibup.es\/index.php\/politica-de-cookies\/#breadcrumb"},"inLanguage":"es","potentialAction":[{"@type":"ReadAction","target":["https:\/\/clibup.es\/index.php\/politica-de-cookies\/"]}]},{"@type":"BreadcrumbList","@id":"https:\/\/clibup.es\/index.php\/politica-de-cookies\/#breadcrumb","itemListElement":[{"@type":"ListItem","position":1,"name":"Portada","item":"https:\/\/clibup.es\/"},{"@type":"ListItem","position":2,"name":"Pol\u00edtica de cookies"}]},{"@type":"WebSite","@id":"https:\/\/clibup.es\/#website","url":"https:\/\/clibup.es\/","name":"Clibup - Abogados expertos en derecho de la Administraci\u00f3n P\u00fablica","description":"Clibup","publisher":{"@id":"https:\/\/clibup.es\/#organization"},"alternateName":"Clibup","potentialAction":[{"@type":"SearchAction","target":{"@type":"EntryPoint","urlTemplate":"https:\/\/clibup.es\/?s={search_term_string}"},"query-input":{"@type":"PropertyValueSpecification","valueRequired":true,"valueName":"search_term_string"}}],"inLanguage":"es"},{"@type":"Organization","@id":"https:\/\/clibup.es\/#organization","name":"Clibup","url":"https:\/\/clibup.es\/","logo":{"@type":"ImageObject","inLanguage":"es","@id":"https:\/\/clibup.es\/#\/schema\/logo\/image\/","url":"https:\/\/clibup.es\/wp-content\/uploads\/2025\/06\/Imagen-Clibup.jpeg","contentUrl":"https:\/\/clibup.es\/wp-content\/uploads\/2025\/06\/Imagen-Clibup.jpeg","width":1024,"height":483,"caption":"Clibup"},"image":{"@id":"https:\/\/clibup.es\/#\/schema\/logo\/image\/"},"sameAs":["https:\/\/www.facebook.com\/people\/Clibup\/61555554224577\/","https:\/\/www.instagram.com\/clibup_law\/?igsh=MTY0aGNrMGc3MXNseg"]}]}},"_links":{"self":[{"href":"https:\/\/clibup.es\/index.php\/wp-json\/wp\/v2\/pages\/378","targetHints":{"allow":["GET"]}}],"collection":[{"href":"https:\/\/clibup.es\/index.php\/wp-json\/wp\/v2\/pages"}],"about":[{"href":"https:\/\/clibup.es\/index.php\/wp-json\/wp\/v2\/types\/page"}],"author":[{"embeddable":true,"href":"https:\/\/clibup.es\/index.php\/wp-json\/wp\/v2\/users\/1"}],"replies":[{"embeddable":true,"href":"https:\/\/clibup.es\/index.php\/wp-json\/wp\/v2\/comments?post=378"}],"version-history":[{"count":1,"href":"https:\/\/clibup.es\/index.php\/wp-json\/wp\/v2\/pages\/378\/revisions"}],"predecessor-version":[{"id":379,"href":"https:\/\/clibup.es\/index.php\/wp-json\/wp\/v2\/pages\/378\/revisions\/379"}],"wp:attachment":[{"href":"https:\/\/clibup.es\/index.php\/wp-json\/wp\/v2\/media?parent=378"}],"curies":[{"name":"wp","href":"https:\/\/api.w.org\/{rel}","templated":true}]}}